{"id":38,"date":"2021-11-19T09:26:01","date_gmt":"2021-11-19T08:26:01","guid":{"rendered":"https:\/\/www.alfaxxinetwork.it\/?page_id=38"},"modified":"2023-01-15T17:02:20","modified_gmt":"2023-01-15T16:02:20","slug":"normative-2","status":"publish","type":"page","link":"https:\/\/www.alfaxxinetwork.it\/index.php\/normative-2\/","title":{"rendered":"Normative"},"content":{"rendered":"<p>&nbsp;<br \/>\n&nbsp;<br \/>\n&nbsp;<br \/>\n&nbsp;<\/p>\n<style><span data-mce-type=\"bookmark\" style=\"display: inline-block; width: 0px; overflow: hidden; line-height: 0;\" class=\"mce_SELRES_start\">\ufeff<\/span><span data-mce-type=\"bookmark\" style=\"display: inline-block; width: 0px; overflow: hidden; line-height: 0;\" class=\"mce_SELRES_start\">\ufeff<\/span><span data-mce-type=\"bookmark\" style=\"display: inline-block; width: 0px; overflow: hidden; line-height: 0;\" class=\"mce_SELRES_start\">\ufeff<\/span><span data-mce-type=\"bookmark\" style=\"display: inline-block; width: 0px; overflow: hidden; line-height: 0;\" class=\"mce_SELRES_start\">\ufeff<\/span><span data-mce-type=\"bookmark\" style=\"display: inline-block; width: 0px; overflow: hidden; line-height: 0;\" class=\"mce_SELRES_start\">\ufeff<\/span><span data-mce-type=\"bookmark\" style=\"display: inline-block; width: 0px; overflow: hidden; line-height: 0;\" class=\"mce_SELRES_start\">\ufeff<\/span><span data-mce-type=\"bookmark\" style=\"display: inline-block; width: 0px; overflow: hidden; line-height: 0;\" class=\"mce_SELRES_start\">\ufeff<\/span><span data-mce-type=\"bookmark\" style=\"display: inline-block; width: 0px; overflow: hidden; line-height: 0;\" class=\"mce_SELRES_start\">\ufeff<\/span><span data-mce-type=\"bookmark\" style=\"display: inline-block; width: 0px; overflow: hidden; line-height: 0;\" class=\"mce_SELRES_start\">\ufeff<\/span><span data-mce-type=\"bookmark\" style=\"display: inline-block; width: 0px; overflow: hidden; line-height: 0;\" class=\"mce_SELRES_start\">\ufeff<\/span><span style=\"display: inline-block; width: 0px; overflow: hidden; line-height: 0;\" data-mce-type=\"bookmark\" class=\"mce_SELRES_start\">\ufeff<\/span><br \/>\/* Large Devices, Wide Screens *\/<br \/>@media only screen and (min-width : 1200px) {<\/p>\n<p>.module, .module-small {<\/p>\n<p>    position: relative;<br \/>    margin-top:200px ;<br \/>   background-repeat: no-repeat;<\/p>\n<p>    background-size: cover;<\/p>\n<p>}<\/p>\n<p>}<br \/><\/style>\n<style><span data-mce-type=\"bookmark\" style=\"display: inline-block; width: 0px; overflow: hidden; line-height: 0;\" class=\"mce_SELRES_start\">\ufeff<\/span>.module, .module-small {<\/p>\n<p>position: relative;<br \/>margin-top:120px ;<br \/>background-repeat: no-repeat;<br \/>background-position: left 18px;<br \/>background-size: cover;<\/p>\n<p>}<br \/><\/style>\n<table class=\" alignleft\" style=\"height: auto; width: 80%;\" cellspacing=\"0\" cellpadding=\"3%\">\n<tbody>\n<tr>\n<td style=\"width: 24.53125px; text-align: right; vertical-align: top;\"><\/td>\n<td style=\"width: 202.46875px; text-align: right; vertical-align: top;\"><img loading=\"lazy\" class=\"alignleft wp-image-688 \" src=\"https:\/\/www.alfaxxinetwork.it\/wp-content\/uploads\/2021\/11\/normative.png\" alt=\"\" width=\"155\" height=\"75\" \/><\/td>\n<td style=\"width: 582px; text-align: left; vertical-align: top;\" scope=\"col\"><span style=\"color: #000000;\"><span style=\"font-family: helvetica, arial, sans-serif; font-size: 10pt;\">Il quadro normativo:<\/span><span style=\"font-size: 10pt;\"><strong><span style=\"font-family: helvetica, arial, sans-serif;\">Art. 2082 del Codice Civile: Imprenditore\u00a0<\/span><\/strong><\/span><span style=\"font-family: helvetica, arial, sans-serif; font-size: 10pt;\">\u00c8 imprenditore chi esercita professionalmente una attivit\u00e0 economica organizzata al fine della produzione o dello scambio di beni o di servizi.<\/span><\/span><\/p>\n<p><span style=\"font-family: helvetica, arial, sans-serif; font-size: 10pt;\">\u00a0<span style=\"color: #000000;\"><strong>Art. 2447-bis, primo comma, lettera a) del Codice Civile: Patrimoni destinati ad uno specifico affare<\/strong><\/span><\/span><\/p>\n<p><span style=\"font-family: helvetica, arial, sans-serif; font-size: 10pt; color: #000000;\">La societ\u00e0 pu\u00f2:<\/span><\/p>\n<ol>\n<li><span style=\"font-family: helvetica, arial, sans-serif; font-size: 10pt; color: #000000;\">a) costituire uno o pi\u00f9 patrimoni ciascuno dei quali destinato in via esclusiva ad uno specifico affare;<\/span><\/li>\n<\/ol>\n<p><span style=\"font-family: helvetica, arial, sans-serif; font-size: 10pt; color: #000000;\"><strong>D.L. n. 338\/1989\u00a0<\/strong>Disposizioni urgenti in materia di evasione contributiva, di fiscalizzazione degli oneri sociali, di sgravi contributivi nel Mezzogiorno e di finanziamento dei patronati<\/span><\/p>\n<p><span style=\"font-family: helvetica, arial, sans-serif; font-size: 10pt;\">\u00a0<span style=\"color: #000000;\"><strong>D.lgs. n. 276\/2003\u00a0<\/strong>Attuazione delle deleghe in materia di occupazione e mercato del lavoro<\/span><\/span><\/p>\n<p><span style=\"font-family: helvetica, arial, sans-serif; font-size: 10pt;\">\u00a0<span style=\"color: #000000;\"><strong>D.lgs. n. 82\/2005<\/strong>\u00a0Codice dell&#8217;amministrazione digitale<\/span><\/span><\/p>\n<p><span style=\"font-family: helvetica, arial, sans-serif; font-size: 10pt; color: #000000;\"><strong>D.L. n. 5\/2009 convertito dalla Legge n. 33\/2009<\/strong>\u00a0Misure urgenti a sostegno dei settori industriali in crisi<\/span><\/p>\n<p><span style=\"font-family: helvetica, arial, sans-serif; font-size: 10pt; color: #000000;\"><strong>D.lgs. n. 81\/17<\/strong>\u00a0Misure per la tutela del lavoro autonomo non imprenditoriale e misure volte a favorire l&#8217;articolazione flessibile nei tempi e nei luoghi del lavoro subordinato<\/span><\/p>\n<p><span style=\"font-family: helvetica, arial, sans-serif; font-size: 10pt; color: #000000;\"><strong>Ispettorato Nazionale del Lavoro, circolare n. 7 del 29 marzo 2018<\/strong>\u00a0Contratto di rete \u2013 distacco e codatorialit\u00e0 \u2013 art.30, comma 4 ter, D.lgs. n. 276\/2003 \u2013 indicazioni operative al personale ispettivo<\/span><\/td>\n<\/tr>\n<\/tbody>\n<\/table>\n","protected":false},"excerpt":{"rendered":"<p>&nbsp; &nbsp; &nbsp; &nbsp; Il quadro normativo:Art. 2082 del Codice Civile: Imprenditore\u00a0\u00c8 imprenditore chi esercita professionalmente una attivit\u00e0 economica organizzata al fine della produzione o dello scambio di beni o di servizi. \u00a0Art. 2447-bis, primo comma, lettera a) del Codice Civile: Patrimoni destinati ad uno specifico affare La societ\u00e0 pu\u00f2: a) costituire uno o pi\u00f9 [&hellip;]<\/p>\n","protected":false},"author":1,"featured_media":0,"parent":0,"menu_order":0,"comment_status":"closed","ping_status":"closed","template":"template-fullwidth-no-title.php","meta":[],"_links":{"self":[{"href":"https:\/\/www.alfaxxinetwork.it\/index.php\/wp-json\/wp\/v2\/pages\/38"}],"collection":[{"href":"https:\/\/www.alfaxxinetwork.it\/index.php\/wp-json\/wp\/v2\/pages"}],"about":[{"href":"https:\/\/www.alfaxxinetwork.it\/index.php\/wp-json\/wp\/v2\/types\/page"}],"author":[{"embeddable":true,"href":"https:\/\/www.alfaxxinetwork.it\/index.php\/wp-json\/wp\/v2\/users\/1"}],"replies":[{"embeddable":true,"href":"https:\/\/www.alfaxxinetwork.it\/index.php\/wp-json\/wp\/v2\/comments?post=38"}],"version-history":[{"count":20,"href":"https:\/\/www.alfaxxinetwork.it\/index.php\/wp-json\/wp\/v2\/pages\/38\/revisions"}],"predecessor-version":[{"id":132,"href":"https:\/\/www.alfaxxinetwork.it\/index.php\/wp-json\/wp\/v2\/pages\/38\/revisions\/132"}],"wp:attachment":[{"href":"https:\/\/www.alfaxxinetwork.it\/index.php\/wp-json\/wp\/v2\/media?parent=38"}],"curies":[{"name":"wp","href":"https:\/\/api.w.org\/{rel}","templated":true}]}}